{"id":2245,"date":"2020-02-10T17:55:21","date_gmt":"2020-02-10T16:55:21","guid":{"rendered":"http:\/\/lemogne.lu\/?page_id=2245"},"modified":"2020-04-03T17:05:03","modified_gmt":"2020-04-03T15:05:03","slug":"mentions-legales","status":"publish","type":"page","link":"https:\/\/lemogne.lu\/index.php\/mentions-legales\/","title":{"rendered":"Mentions l\u00e9gales"},"content":{"rendered":"\n<h3>Coordonn\u00e9es<\/h3>\n\n\n\n<p><strong>Lemogne sarl<\/strong><\/p>\n\n\n\n<p><strong>Adresse\u00a0:<\/strong> 46-48 Route de Luxembourg\u00a0L-7240\u00a0Bereldange<\/p>\n\n\n\n<p><strong>Capital\u00a0:<\/strong> 25\u00a0000 \u20ac<\/p>\n\n\n\n<p><strong>Num tva\u00a0:<\/strong> \u00a0LU 10934957<\/p>\n\n\n\n<p><strong>Rcs&nbsp;: <\/strong>B12752<strong><\/strong><\/p>\n\n\n\n<p><strong>G\u00e9rant \/ Cog\u00e9rent&nbsp;: <\/strong>M.\nEhdaie Shahrokh&nbsp;<strong><\/strong><\/p>\n\n\n\n<p><strong>Email\u00a0: <\/strong>contact@lemogne.lu<\/p>\n\n\n\n<h3>H\u00e9bergeur du site web<\/h3>\n\n\n\n<p>OVH SAS est une\nfiliale de la soci\u00e9t\u00e9 OVH Groupe SAS, soci\u00e9t\u00e9 immatricul\u00e9e au RCS de Lille sous\nle num\u00e9ro 537 407 926 sise 2, rue Kellermann, 59100 Roubaix.<\/p>\n\n\n\n<p>Site r\u00e9alis\u00e9 par 2S-it<br>\nSi\u00e8ge\nsocial :<br>\n83 rue de\nla lib\u00e9ration <br>\nL-5969\nItzig<br>\ncontact@2s-it.lu<br>\nRCS <strong>B218534<\/strong><\/p>\n\n\n\n<h3>Propri\u00e9t\u00e9 intellectuelle<\/h3>\n\n\n\n<p><br>\nL\u2019ensemble\nde ce site rel\u00e8ve des l\u00e9gislations internationales sur les droits d\u2019auteur et\nla propri\u00e9t\u00e9 intellectuelle. Tous les droits de reproduction sont r\u00e9serv\u00e9s pour\nles textes et les photographies de ce site. La reproduction de tout ou partie\nde ce site sur un support \u00e9lectronique ou autre quel qu\u2019il soit, est\nformellement interdite sauf autorisation \u00e9crite de l\u2019auteur.<\/p>\n\n\n\n<h3>Protection\ndes donn\u00e9es<\/h3>\n\n\n\n<p>Les informations qui vous concernent recueillies sur\nce formulaire font l\u2019objet d\u2019un traitement par G\u00e9rard Meyer afin de mener \u00e0\nbien votre demande.<br>\nCes informations sont conserv\u00e9es pour la dur\u00e9e n\u00e9cessaire pour la r\u00e9alisation\nde la finalit\u00e9 du traitement.<br>\nNous sommes les uniques destinataires de vos donn\u00e9es. Si au besoin, l&rsquo;une de\nvos demandes ne peut \u00eatre g\u00e9r\u00e9 par nous (soci\u00e9t\u00e9 Lemogne) directement, nous\nvous demanderons par \u00e9crit votre consentement afin de donner vos coordonn\u00e9es \u00e0\nl&rsquo;un de nos partenaires.<br>\nConform\u00e9ment au r\u00e8glement (UE) 2016\/679 relatif \u00e0 la protection des personnes\nphysiques \u00e0 l&rsquo;\u00e9gard du traitement des donn\u00e9es \u00e0 caract\u00e8re personnel et \u00e0 la\nlibre circulation de ces donn\u00e9es, sur demande \u00e9crite par mail ou via notre\nformulaire, vous pouvez nous demander de supprimer des informations vous\nconcernant. Vous disposez \u00e9galement du droit de retirer votre consentement \u00e0\ntout moment.<br>\nEn outre et except\u00e9 le cas o\u00f9 le traitement de vos donn\u00e9es pr\u00e9sente un\ncaract\u00e8re obligatoire, vous pouvez, pour des motifs l\u00e9gitimes, vous y opposer.<br>\nVous avez \u00e9galement la possibilit\u00e9 d\u2019introduire une r\u00e9clamation aupr\u00e8s de la\nCommission nationale pour la protection des donn\u00e9es ayant son si\u00e8ge \u00e0 1 Avenue\ndu Rock&rsquo;n&rsquo;Roll, L-4361 Esch-sur-Alzette. En poursuivant votre d\u00e9marche, vous\nacceptez que vos donn\u00e9es personnelles soient trait\u00e9es dans le cadre de votre\ndemande.<\/p>\n\n\n\n<h3>Cookies<\/h3>\n\n\n\n<p>Lors de votre premi\u00e8re visite sur le site, un message\nappara\u00eet et vous informe de l\u2019utilisation des cookies. <\/p>\n\n\n\n<p>Ces informations sont transf\u00e9r\u00e9es au navigateur et\nsont stock\u00e9es dans votre syst\u00e8me informatique. Les cookies permettent\nd\u2019am\u00e9liorer votre exp\u00e9rience en ligne et d\u2019enregistrer vos pr\u00e9f\u00e9rences. <\/p>\n\n\n\n<h3>Limitation\nde responsabilit\u00e9<\/h3>\n\n\n\n<p>Les informations contenues sur ce site sont aussi pr\u00e9cises que possibles et le site est p\u00e9riodiquement remis \u00e0 jour, mais peut toutefois contenir des inexactitudes, des omissions ou des lacunes. Si vous constatez une lacune, erreur ou ce qui parait \u00eatre un dysfonctionnement, merci de bien vouloir le signaler par\u00a0email\u00a0en d\u00e9crivant le probl\u00e8me de la mani\u00e8re la plus pr\u00e9cise possible (page posant probl\u00e8me, action d\u00e9clenchante, type d\u2019ordinateur et de navigateur utilis\u00e9, \u2026).<\/p>\n\n\n\n<p>Tout contenu t\u00e9l\u00e9charg\u00e9 se fait aux risques et p\u00e9rils\nde l&rsquo;utilisateur et sous sa seule responsabilit\u00e9. En cons\u00e9quence, Lemogne ne\nsaurait \u00eatre tenu responsable d&rsquo;un quelconque dommage subi par l&rsquo;ordinateur de\nl&rsquo;utilisateur ou d&rsquo;une quelconque perte de donn\u00e9es cons\u00e9cutives au\nt\u00e9l\u00e9chargement.<\/p>\n\n\n\n<p>Les photos sont non contractuelles.<\/p>\n\n\n\n<p>Les liens hypertextes mis en place dans le cadre du\npr\u00e9sent site internet en direction d&rsquo;autres ressources pr\u00e9sentes sur le r\u00e9seau\nInternet ne sauraient engager la responsabilit\u00e9 de Lemogne.<\/p>\n\n\n\n<h3>Litiges<\/h3>\n\n\n\n<p>Les pr\u00e9sentes conditions sont r\u00e9gies par les lois\nLuxembourgeoise et toute contestation ou litiges qui pourraient na\u00eetre de l&rsquo;interpr\u00e9tation\nou de l&rsquo;ex\u00e9cution de celles-ci seront de la comp\u00e9tence exclusive des tribunaux\ndont d\u00e9pend le si\u00e8ge social de la soci\u00e9t\u00e9 Lemogne. La langue de r\u00e9f\u00e9rence, pour\nle r\u00e8glement de contentieux \u00e9ventuels, est le fran\u00e7ais.<\/p>\n","protected":false},"excerpt":{"rendered":"<p>Coordonn\u00e9es Lemogne sarl Adresse\u00a0: 46-48 Route de Luxembourg\u00a0L-7240\u00a0Bereldange Capital\u00a0: 25\u00a0000 \u20ac Num tva\u00a0: \u00a0LU 10934957 Rcs&nbsp;: B12752 G\u00e9rant \/ Cog\u00e9rent&nbsp;: M. Ehdaie Shahrokh&nbsp; Email\u00a0: contact@lemogne.lu H\u00e9bergeur du site web OVH SAS est une filiale de la soci\u00e9t\u00e9 OVH Groupe SAS, soci\u00e9t\u00e9 immatricul\u00e9e au RCS de Lille sous le num\u00e9ro 537 407 926 sise 2, rue Kellermann, 59100 Roubaix. Site r\u00e9alis\u00e9&hellip;<\/p>\n","protected":false},"author":1,"featured_media":0,"parent":0,"menu_order":0,"comment_status":"closed","ping_status":"closed","template":"","meta":[],"yoast_head":"<!-- This site is optimized with the Yoast SEO plugin v18.6 - https:\/\/yoast.com\/wordpress\/plugins\/seo\/ -->\n<title>Mentions l\u00e9gales - Lemogne<\/title>\n<meta name=\"robots\" content=\"index, follow, max-snippet:-1, max-image-preview:large, max-video-preview:-1\" \/>\n<link rel=\"canonical\" href=\"https:\/\/lemogne.lu\/index.php\/mentions-legales\/\" \/>\n<meta property=\"og:locale\" content=\"fr_FR\" \/>\n<meta property=\"og:type\" content=\"article\" \/>\n<meta property=\"og:title\" content=\"Mentions l\u00e9gales - Lemogne\" \/>\n<meta property=\"og:description\" content=\"Coordonn\u00e9es Lemogne sarl Adresse\u00a0: 46-48 Route de Luxembourg\u00a0L-7240\u00a0Bereldange Capital\u00a0: 25\u00a0000 \u20ac Num tva\u00a0: \u00a0LU 10934957 Rcs&nbsp;: B12752 G\u00e9rant \/ Cog\u00e9rent&nbsp;: M. Ehdaie Shahrokh&nbsp; Email\u00a0: contact@lemogne.lu H\u00e9bergeur du site web OVH SAS est une filiale de la soci\u00e9t\u00e9 OVH Groupe SAS, soci\u00e9t\u00e9 immatricul\u00e9e au RCS de Lille sous le num\u00e9ro 537 407 926 sise 2, rue Kellermann, 59100 Roubaix. Site r\u00e9alis\u00e9&hellip;\" \/>\n<meta property=\"og:url\" content=\"https:\/\/lemogne.lu\/index.php\/mentions-legales\/\" \/>\n<meta property=\"og:site_name\" content=\"Lemogne\" \/>\n<meta property=\"article:modified_time\" content=\"2020-04-03T15:05:03+00:00\" \/>\n<meta name=\"twitter:card\" content=\"summary_large_image\" \/>\n<meta name=\"twitter:label1\" content=\"Dur\u00e9e de lecture estim\u00e9e\" \/>\n\t<meta name=\"twitter:data1\" content=\"3 minutes\" \/>\n<script type=\"application\/ld+json\" class=\"yoast-schema-graph\">{\"@context\":\"https:\/\/schema.org\",\"@graph\":[{\"@type\":\"WebSite\",\"@id\":\"https:\/\/lemogne.lu\/index.php\/#website\",\"url\":\"https:\/\/lemogne.lu\/index.php\/\",\"name\":\"Lemogne\",\"description\":\"\",\"potentialAction\":[{\"@type\":\"SearchAction\",\"target\":{\"@type\":\"EntryPoint\",\"urlTemplate\":\"https:\/\/lemogne.lu\/index.php\/?s={search_term_string}\"},\"query-input\":\"required name=search_term_string\"}],\"inLanguage\":\"fr-FR\"},{\"@type\":\"WebPage\",\"@id\":\"https:\/\/lemogne.lu\/index.php\/mentions-legales\/#webpage\",\"url\":\"https:\/\/lemogne.lu\/index.php\/mentions-legales\/\",\"name\":\"Mentions l\u00e9gales - Lemogne\",\"isPartOf\":{\"@id\":\"https:\/\/lemogne.lu\/index.php\/#website\"},\"datePublished\":\"2020-02-10T16:55:21+00:00\",\"dateModified\":\"2020-04-03T15:05:03+00:00\",\"breadcrumb\":{\"@id\":\"https:\/\/lemogne.lu\/index.php\/mentions-legales\/#breadcrumb\"},\"inLanguage\":\"fr-FR\",\"potentialAction\":[{\"@type\":\"ReadAction\",\"target\":[\"https:\/\/lemogne.lu\/index.php\/mentions-legales\/\"]}]},{\"@type\":\"BreadcrumbList\",\"@id\":\"https:\/\/lemogne.lu\/index.php\/mentions-legales\/#breadcrumb\",\"itemListElement\":[{\"@type\":\"ListItem\",\"position\":1,\"name\":\"Accueil\",\"item\":\"https:\/\/lemogne.lu\/index.php\/\"},{\"@type\":\"ListItem\",\"position\":2,\"name\":\"Mentions l\u00e9gales\"}]}]}<\/script>\n<!-- \/ Yoast SEO plugin. -->","yoast_head_json":{"title":"Mentions l\u00e9gales - Lemogne","robots":{"index":"index","follow":"follow","max-snippet":"max-snippet:-1","max-image-preview":"max-image-preview:large","max-video-preview":"max-video-preview:-1"},"canonical":"https:\/\/lemogne.lu\/index.php\/mentions-legales\/","og_locale":"fr_FR","og_type":"article","og_title":"Mentions l\u00e9gales - Lemogne","og_description":"Coordonn\u00e9es Lemogne sarl Adresse\u00a0: 46-48 Route de Luxembourg\u00a0L-7240\u00a0Bereldange Capital\u00a0: 25\u00a0000 \u20ac Num tva\u00a0: \u00a0LU 10934957 Rcs&nbsp;: B12752 G\u00e9rant \/ Cog\u00e9rent&nbsp;: M. Ehdaie Shahrokh&nbsp; Email\u00a0: contact@lemogne.lu H\u00e9bergeur du site web OVH SAS est une filiale de la soci\u00e9t\u00e9 OVH Groupe SAS, soci\u00e9t\u00e9 immatricul\u00e9e au RCS de Lille sous le num\u00e9ro 537 407 926 sise 2, rue Kellermann, 59100 Roubaix. Site r\u00e9alis\u00e9&hellip;","og_url":"https:\/\/lemogne.lu\/index.php\/mentions-legales\/","og_site_name":"Lemogne","article_modified_time":"2020-04-03T15:05:03+00:00","twitter_card":"summary_large_image","twitter_misc":{"Dur\u00e9e de lecture estim\u00e9e":"3 minutes"},"schema":{"@context":"https:\/\/schema.org","@graph":[{"@type":"WebSite","@id":"https:\/\/lemogne.lu\/index.php\/#website","url":"https:\/\/lemogne.lu\/index.php\/","name":"Lemogne","description":"","potentialAction":[{"@type":"SearchAction","target":{"@type":"EntryPoint","urlTemplate":"https:\/\/lemogne.lu\/index.php\/?s={search_term_string}"},"query-input":"required name=search_term_string"}],"inLanguage":"fr-FR"},{"@type":"WebPage","@id":"https:\/\/lemogne.lu\/index.php\/mentions-legales\/#webpage","url":"https:\/\/lemogne.lu\/index.php\/mentions-legales\/","name":"Mentions l\u00e9gales - Lemogne","isPartOf":{"@id":"https:\/\/lemogne.lu\/index.php\/#website"},"datePublished":"2020-02-10T16:55:21+00:00","dateModified":"2020-04-03T15:05:03+00:00","breadcrumb":{"@id":"https:\/\/lemogne.lu\/index.php\/mentions-legales\/#breadcrumb"},"inLanguage":"fr-FR","potentialAction":[{"@type":"ReadAction","target":["https:\/\/lemogne.lu\/index.php\/mentions-legales\/"]}]},{"@type":"BreadcrumbList","@id":"https:\/\/lemogne.lu\/index.php\/mentions-legales\/#breadcrumb","itemListElement":[{"@type":"ListItem","position":1,"name":"Accueil","item":"https:\/\/lemogne.lu\/index.php\/"},{"@type":"ListItem","position":2,"name":"Mentions l\u00e9gales"}]}]}},"_links":{"self":[{"href":"https:\/\/lemogne.lu\/index.php\/wp-json\/wp\/v2\/pages\/2245"}],"collection":[{"href":"https:\/\/lemogne.lu\/index.php\/wp-json\/wp\/v2\/pages"}],"about":[{"href":"https:\/\/lemogne.lu\/index.php\/wp-json\/wp\/v2\/types\/page"}],"author":[{"embeddable":true,"href":"https:\/\/lemogne.lu\/index.php\/wp-json\/wp\/v2\/users\/1"}],"replies":[{"embeddable":true,"href":"https:\/\/lemogne.lu\/index.php\/wp-json\/wp\/v2\/comments?post=2245"}],"version-history":[{"count":3,"href":"https:\/\/lemogne.lu\/index.php\/wp-json\/wp\/v2\/pages\/2245\/revisions"}],"predecessor-version":[{"id":2524,"href":"https:\/\/lemogne.lu\/index.php\/wp-json\/wp\/v2\/pages\/2245\/revisions\/2524"}],"wp:attachment":[{"href":"https:\/\/lemogne.lu\/index.php\/wp-json\/wp\/v2\/media?parent=2245"}],"curies":[{"name":"wp","href":"https:\/\/api.w.org\/{rel}","templated":true}]}}